{"id":2754,"date":"2018-07-31T13:38:30","date_gmt":"2018-07-31T11:38:30","guid":{"rendered":"http:\/\/figand.com.pl\/?post_type=product&#038;p=2754"},"modified":"2024-10-21T15:12:49","modified_gmt":"2024-10-21T13:12:49","slug":"nadzienie-twarogowe-profesja","status":"publish","type":"product","link":"https:\/\/figand.com.pl\/en\/product\/nadzienie-twarogowe-profesja\/","title":{"rendered":"Nadzienie twarogowe PROFESJA"},"content":{"rendered":"","protected":false},"excerpt":{"rendered":"<div>\n<div class=\"width50 floatright\">\n<div class=\"spacer-buy-area\">\n<div class=\"product-fields\">\n<div class=\"product-field product-field-type-P\"><\/div>\n<\/div>\n<\/div>\n<\/div>\n<\/div>\n<div class=\"clear\">\n<div>\n<div class=\"width50 floatright\">\n<div class=\"spacer-buy-area\">\n<div class=\"product-fields\">\n<div class=\"product-field product-field-type-P\">\n<div><span class=\"product-fields-title\">Informacje o produkcie<\/span><\/div>\n<div><\/div>\n<\/div>\n<div class=\"product-field product-field-type-S\">\n<div><span class=\"product-fields-title\">Opakowanie jednostkowe:\u00a0 \u00a0 \u00a0 \u00a0<\/span><span class=\"product-field-display\">13kg wiadro<\/span><\/div>\n<\/div>\n<div class=\"product-field product-field-type-S\">\n<div><span class=\"product-fields-title\">Opakowanie zbiorcze:\u00a0 \u00a0 \u00a0 \u00a0 \u00a0 \u00a0 \u00a0 \u00a01 paleta:<\/span><span class=\"product-field-display\">\u00a044 wiadra x 13kg<\/span><\/div>\n<\/div>\n<div class=\"product-field product-field-type-S\">\n<div><span class=\"product-fields-title\">Termin przydatno\u015bci:\u00a0 \u00a0 \u00a0 \u00a0 \u00a0 \u00a0 \u00a0 \u00a0 120 dni<\/span><\/div>\n<\/div>\n<\/div>\n<\/div>\n<\/div>\n<div class=\"clear\"><\/div>\n<\/div>\n<div class=\"product-description\">\n<p><span class=\"title\">Szczeg\u00f3\u0142y produktu<\/span><\/p>\n<p><strong>Nadzienie twarogowe PROFESJA<\/strong><\/p>\n<p><strong>SMAK<\/strong>: waniliowy<\/p>\n<p><strong>WYGL\u0104D<\/strong>: struktura g\u0142adka-kremowa, kolor bia\u0142y<\/p>\n<p><strong>ZASTOSOWANIE<\/strong>: na zimno, zapiek zewn\u0119trzny i wewn\u0119trzny, mro\u017cenie i odpiekanie, bu\u0142ka s\u0142odka, rogaliki, babeczki, koperty -ciasto dro\u017cd\u017cowe, francuskie, p\u00f3\u0142francuskie<\/p>\n<p>&nbsp;<\/p>\n<p>&nbsp;<\/p>\n<\/div>\n<\/div>","protected":false},"featured_media":4269,"template":"","meta":[],"product_brand":[],"product_cat":[73],"product_tag":[],"class_list":{"0":"post-2754","1":"product","2":"type-product","3":"status-publish","4":"has-post-thumbnail","6":"product_cat-produkty-cukiernicze-i-cateringowe","9":"first","10":"instock","11":"shipping-taxable","12":"product-type-simple"},"post_mailing_queue_ids":[],"_links":{"self":[{"href":"https:\/\/figand.com.pl\/en\/wp-json\/wp\/v2\/product\/2754","targetHints":{"allow":["GET"]}}],"collection":[{"href":"https:\/\/figand.com.pl\/en\/wp-json\/wp\/v2\/product"}],"about":[{"href":"https:\/\/figand.com.pl\/en\/wp-json\/wp\/v2\/types\/product"}],"wp:featuredmedia":[{"embeddable":true,"href":"https:\/\/figand.com.pl\/en\/wp-json\/wp\/v2\/media\/4269"}],"wp:attachment":[{"href":"https:\/\/figand.com.pl\/en\/wp-json\/wp\/v2\/media?parent=2754"}],"wp:term":[{"taxonomy":"product_brand","embeddable":true,"href":"https:\/\/figand.com.pl\/en\/wp-json\/wp\/v2\/product_brand?post=2754"},{"taxonomy":"product_cat","embeddable":true,"href":"https:\/\/figand.com.pl\/en\/wp-json\/wp\/v2\/product_cat?post=2754"},{"taxonomy":"product_tag","embeddable":true,"href":"https:\/\/figand.com.pl\/en\/wp-json\/wp\/v2\/product_tag?post=2754"}],"curies":[{"name":"wp","href":"https:\/\/api.w.org\/{rel}","templated":true}]}}

<div>
<div class="width50 floatright">
<div class="spacer-buy-area">
<div class="product-fields">
<div class="product-field product-field-type-P"></div>
</div>
</div>
</div>
</div>
<div class="clear">
<div>
<div class="width50 floatright">
<div class="spacer-buy-area">
<div class="product-fields">
<div class="product-field product-field-type-P">
<div><span class="product-fields-title">Informacje o produkcie</span></div>
<div></div>
</div>
<div class="product-field product-field-type-S">
<div><span class="product-fields-title">Opakowanie jednostkowe:       </span><span class="product-field-display">13kg wiadro</span></div>
</div>
<div class="product-field product-field-type-S">
<div><span class="product-fields-title">Opakowanie zbiorcze:               1 paleta:</span><span class="product-field-display"> 44 wiadra x 13kg</span></div>
</div>
<div class="product-field product-field-type-S">
<div><span class="product-fields-title">Termin przydatności:                120 dni</span></div>
</div>
</div>
</div>
</div>
<div class="clear"></div>
</div>
<div class="product-description">
<p><span class="title">Szczegóły produktu</span></p>
<p><strong>Nadzienie twarogowe PROFESJA</strong></p>
<p><strong>SMAK</strong>: waniliowy</p>
<p><strong>WYGLĄD</strong>: struktura gładka-kremowa, kolor biały</p>
<p><strong>ZASTOSOWANIE</strong>: na zimno, zapiek zewnętrzny i wewnętrzny, mrożenie i odpiekanie, bułka słodka, rogaliki, babeczki, koperty -ciasto drożdżowe, francuskie, półfrancuskie</p>
<p>&nbsp;</p>
<p>&nbsp;</p>
</div>
</div>
